divide 92491200?
False
Does 66 divide 18062670?
False
Is 75 a factor of 210278756?
False
Does 196 divide 2098101?
False
Is 252 a factor of 223713237?
False
Is 20695680 a multiple of 120?
True
Does 9 divide 3279080?
False
Does 736 divide 676497842?
False
Is 292 a factor of 511822027?
False
Is 127 a factor of 109367193?
True
Does 1319 divide 560826095?
False
Is 176278221 a multiple of 897?
False
Is 103 a factor of 406592415?
False
Does 481 divide 412934652?
True
Is 1143892640 a multiple of 1060?
True
Is 4902740 a multiple of 580?
True
Does 174 divide 149617647?
False
Is 583 a factor of 176322973?
False
Does 2231 divide 8377405?
True
Does 91 divide 23064678?
True
Is 34350652 a multiple of 142?
True
Is 7009 a factor of 19644345?
False
Is 56 a factor of 1567550264?
True
Is 14 a factor of 38647252?
True
Is 70548240 a multiple of 440?
False
Is 1581 a factor of 377939631?
True
Is 7494242 a multiple of 15?
False
Does 64 divide 8914211?
False
Is 1084173708 a multiple of 204?
True
Does 4 divide 1143108?
True
Is 652 a factor of 20007911?
False
Is 4442 a factor of 141602076?
True
Is 225 a factor of 196546821?
False
Is 2578599312 a multiple of 12?
True
Does 113 divide 134878608?
True
Does 48 divide 2009793120?
True
Is 25658871 a multiple of 357?
False
Does 1527 divide 575946445?
False
Does 74 divide 440305106?
True
Does 730 divide 260823160?
True
Does 15 divide 4886211?
False
Is 571 a factor of 42928922?
True
Does 72 divide 21232850?
False
Is 34478136 a multiple of 99?
True
Is 72095315 a multiple of 10?
False
Is 14 a factor of 787119698?
False
Is 10 a factor of 47397265?
False
Does 923 divide 297520743?
True
Is 113 a factor of 3713355?
False
Does 22 divide 9226998?
True
Is 8886 a factor of 4000450542?
True
Is 10 a factor of 120456200?
True
Does 28 divide 706932520?
True
Is 3497558232 a multiple of 413?
True
Is 14 a factor of 582542954?
True
Is 162 a factor of 836835300?
True
Is 249 a factor of 36070165?
False
Is 108994140 a multiple of 255?
True
Is 1291657219 a multiple of 1258?
False
Does 24 divide 49135007?
False
Is 3972636996 a multiple of 13649?
False
Does 1406 divide 137300248?
False
Is 74884011 a multiple of 31?
False
Is 306 a factor of 6286933776?
False
Is 22380926 a multiple of 35?
False
Is 11900438 a multiple of 5?
False
Does 21 divide 325284435?
True
Does 6093 divide 299927058?
False
Does 337 divide 24973385?
True
Is 2267096494 a multiple of 306?
False
Is 27 a factor of 474871032?
True
Is 32890557 a multiple of 31?
False
Is 41 a factor of 4129622828?
True
Is 27715450 a multiple of 3339?
False
Is 122888689 a multiple of 7?
True
Does 41 divide 965537306?
False
Does 7 divide 31343522?
True
Is 78159520 a multiple of 67?
True
Is 313 a factor of 17745848?
True
Is 1313 a factor of 1640470078?
True
Is 935 a factor of 258978246?
False
Is 77 a factor of 837854325?
True
Is 59 a factor of 832335097?
False
Is 59 a factor of 722809?
True
Is 786036812 a multiple of 5938?
True
Does 1832 divide 102952733?
False
Is 353952319 a multiple of 57?
False
Is 3437 a factor of 200352971?
False
Is 25762550 a multiple of 310?
True
Is 120 a factor of 570596984?
False
Is 1754619937 a multiple of 292?
False
Is 67848502 a multiple of 8?
False
Does 1416 divide 341859216?
True
Is 48269747 a multiple of 25?
False
Is 191 a factor of 2407292437?
False
Is 581 a factor of 112290153?
False
Is 8 a factor of 112436455?
False
Is 1843 a factor of 1417607955?
True
Is 976628322 a multiple of 3742?
True
Is 17 a factor of 1891993?
False
Is 5 a factor of 50857465?
True
Is 36799062 a multiple of 129?
False
Is 223 a factor of 320657949?
False
Is 7750440 a multiple of 9?
True
Does 97 divide 111230870?
True
Is 29413704 a multiple of 354?
False
Is 137306811 a multiple of 925?
False
Does 1034 divide 339645218?
True
Is 3 a factor of 284127531?
True
Is 1375245099 a multiple of 171?
True
Is 1752189903 a multiple of 3?
True
Is 276 a factor of 13140084?
True
Does 15 divide 48886445?
False
Does 526 divide 63800118?
True
Does 11 divide 3458696?
False
Is 232787698 a multiple of 286?
True
Is 50 a factor of 65783150?
True
Is 121557930 a multiple of 39?
True
Does 69 divide 1246903410?
False
Is 65 a factor of 44159635?
True
Does 22 divide 130868870?
True
Is 9300717 a multiple of 17?
True
Does 48 divide 5995949?
False
Is 127 a factor of 1267795915?
True
Does 118 divide 131866180?
True
Does 172 divide 1438397472?
True
Is 1114602642 a multiple of 177?
False
Is 130914102 a multiple of 15?
False
Does 319 divide 50134375?
False
Is 119 a factor of 418069372?
True
Does 302 divide 48763791?
False
Is 141 a factor of 402099993?
True
Is 50270832 a multiple of 118?
True
Does 5 divide 83316593?
False
Is 195222356 a multiple of 2220?
False
Does 18 divide 646575076?
False
Is 4806580 a multiple of 85?
True
Is 4 a factor of 2478576?
True
Is 33627872 a multiple of 32?
True
Is 98033954 a multiple of 298?
True
Does 22 divide 24887150?
False
Does 2 divide 61320236?
True
Is 70801630 a multiple of 20?
False
Is 165 a factor of 63238652?
False
Does 157 divide 198293397?
False
Is 220209909 a multiple of 403?
False
Does 50 divide 73534532?
False
Is 885 a factor of 221699580?
True
Does 26 divide 2773220?
False
Is 3948849 even?
False
Is 1690652 a multiple of 73?
False
Is 52 a factor of 129148251?
False
Is 8 a factor of 94325810?
False
Is 489 a factor of 84242424?
False
Is 44 a factor of 4409305?
False
Is 14652060 a multiple of 41?
False
Does 31 divide 107685?
False
Is 447309552 a multiple of 1259?
False
Does 4 divide 787077?
False
Is 14 a factor of 290636404?
False
Is 21773072 a multiple of 53?
False
Is 3047173968 a multiple of 2384?
True
Does 147 divide 110388621?
True
Is 11760568 a multiple of 4?
True
Does 1662 divide 43720773?
False
Is 67 a factor of 2441088334?
False
Is 472408 a multiple of 12?
False
Is 11084 a factor of 221837135?
False
Does 37 divide 902890296?
False
Is 75 a factor of 69605550?
True
Is 88630672 a multiple of 2404?
True
Is 27220326 a multiple of 1754?
True
Is 879892944 a multiple of 696?
True
Is 15 a factor of 13109999?
False
Does 3 divide 34572016?
False
Is 62596443 a multiple of 7?
True
Does 43 divide 4782546?
True
Does 6 divide 23375862?
True
Is 893 a factor of 307049120?
True
Is 2796896963 a multiple of 557?
True
Does 463 divide 782311191?
True
Is 18 a factor of 2559660282?
True
Does 4728 divide 4585247496?
True
Is 21168688 a multiple of 8?
True
Is 620 a factor of 4839773?
False
Does 22 divide 188098312?
False
Is 8887200 a multiple of 35?
True
Does 398 divide 30660145?
False
Does 1743 divide 241177167?
True
Is 18495680 a multiple of 267?
False
Does 6 divide 8112234?
True
Does 20 divide 148260874?
False
Does 26 divide 173794726?
False
Is 322 a factor of 1055157614?
True
Is 1839 a factor of 59251246?
False
Is 314 a factor of 1971153271?
False
Is 9756548 a multiple of 2?
True
Does 157 divide 180357204?
True
Is 3697 a factor of 411505676?
True
Does 475 divide 202238850?
True
Does 291 divide 3895612?
False
Is 437841474 a multiple of 40?
False
Does 320 divide 3725310080?
True
Is 124 a factor of 12111576?
True
Is 42 a factor of 15424248?
True
Is 11 a factor of 469632163?
True
Is 805 a factor of 95294290?
True
Is 18213741 a multiple of 81?
True
Does 2644 divide 179545830?
False
Is 8 a factor of 287533903?
False
Is 66345695 a multiple of 142?
False
Does 404 divide 33113052?
True
Is 41069271 a multiple of 18?
False
Is 322 a factor of 3594249652?
True
Is 3496 a factor of 175751595?
False
Is 668711165 a multiple of 1165?
True
Is 687539 a multiple of 92?
False
Is 668 a factor of 2517883?
False
Is 166 a factor of 693951956?
False
Does 28 divide 1555084299?
False
Does 13 divide 85058481?
False
Is 24 a factor of 82455216?
True
Does 1612 divide 145013908?
True
Does 74 divide 982567116?
True
Is 326 a factor of 29320062?
False
Does 14 divide 839919486?
True
Is 597 a factor of 51477818?
False
Is 13 a factor of 6081231?
True
Does 5 divide 21208082?
False
Is 9672394 a multiple of 7?
False
Is 175976650 a multiple of 5?
True
Is 104 a factor of 16076736?
True
Does 17 divide 914094111?
False
Is 34045716 a multiple of 93?
False
Is 1504 a factor of 340266464?
True
Does 1855 divide 150409480?
False
Is 86663352 a multiple of 6?
True
Is 1406 a factor of 1082139148?
True
Does 2260 divide 544048624?
False
Is 31 a factor of 230720755?
True
Is 441